of m?
7
Suppose -138 = -10*s + 7*s. What is the tens digit of s?
4
Let f(n) = 3*n - 3. Let d(i) = -i + 1. Let x(y) = -9*d(y) - 2*f(y). Let c(p) = -p + 2. Let s be c(-2). What is the units digit of x(s)?
9
Let h be 2 + -1 + -2 + 105. Let t be h/10 - (-2)/(-5). Let i = t - 8. What is the units digit of i?
2
Suppose 3*r - 8*m = -3*m + 455, -4*r - 3*m = -597. Suppose -3*z - 3*k + 90 = 0, 5*k = -5*z + 2*k + r. What is the units digit of (-6)/5*z/(-9)?
4
Let s(w) = w**2 + 5*w + 5. Let p(x) = -x**2 - 5*x - 6. Let n(z) = -5*p(z) - 4*s(z). What is the units digit of n(-5)?
0
Let q(v) be the third derivative of -v**5/60 - 7*v**4/24 - v**3 - 3*v**2. What is the units digit of q(-5)?
4
Suppose 3*n = 2*x + 7, -n + 3*x - x = -1. Suppose 0 = 3*s - 3*w + 42 + 9, -5*s + n*w - 85 = 0. Let v = s + 33. What is the units digit of v?
6
Suppose 8*l = 7*l + 54. What is the tens digit of l?
5
Let m = -49 - -154. What is the tens digit of m?
0
Let a be 4*1 + (6 - 2). What is the units digit of (-147)/14*a/(-6)?
4
Let j(f) = -12*f + 6. Let a be j(-6). Suppose a = 5*t + 13. Suppose 2*o - t = u, -4 - 1 = -u. What is the units digit of o?
9
Let v(t) = 5*t**2 - 2*t + 1. Let r(l) = 4*l**2 - l + 1. Let h(s) = -7*r(s) + 6*v(s). What is the tens digit of h(4)?
1
Suppose 0 = 6*g - 48 - 96. What is the tens digit of g?
2
Suppose -l + 4*l + 21 = 0. Let n be l + 0 - (0 - 0). Let s = n + 10. What is the units digit of s?
3
Suppose -2*j - 2 = 6. Let r = j + 18. What is the tens digit of r?
1
Suppose c + 40 = 5*i + 4*c, c - 40 = -5*i. Let r(f) = -f**3 + 8*f**2 + f - 6. What is the units digit of r(i)?
2
Let v = 16 - -31. What is the units digit of v?
7
Suppose -m = -u - 23, -3*u = 2*m - 20 - 26. What is the tens digit of m?
2
Let c be (-2 + -2 + 2)/2. Let y = 3 - c. What is the units digit of (-2)/y - 9/(-2)?
4
Let w = 297 - -58. What is the hundreds digit of w?
3
Let a be -4 - (3 + -3)/(-4). What is the units digit of a/(-14) - (-138)/7?
0
Let b(x) = x**2 - 4*x - 5. Let m be b(-7). Let n = m + -49. What is the units digit of n?
3
Let g(m) be the second derivative of -m - 3/2*m**2 + 1/6*m**3 + 0. What is the units digit of g(7)?
4
Suppose -4*w = 2*i - 34, -5*i - 4*w = -3 - 106. What is the units digit of i?
5
Suppose 5*c - 2 - 3 = 0. Let t = 2 + -2. What is the units digit of (t - c)/((-6)/66)?
1
Let g(x) = 5*x + 3*x + 5 - 12. What is the units digit of g(3)?
7
What is the units digit of (112/(-40))/7 - (-54)/10?
5
Let n(k) = -k**3 + 8*k**2 + 2*k. Let q be n(6). Suppose 3*w = w + q. What is the tens digit of w?
4
Let h be (0/1)/(4/(-2)). Suppose h = -4*r - r. Suppose -g - 3 + 9 = r. What is the units digit of g?
6
Let d = 1 - -2. Suppose -c = -d*c - f + 39, 3 = -c + 4*f. What is the tens digit of c?
1
Let y(a) = -a**3 - 7*a**2 - 11*a - 4. What is the tens digit of y(-9)?
5
Let r = -30 - -43. What is the tens digit of r?
1
Let w be (6/4)/(4/(-88)). Let v = w - -47. What is the tens digit of v?
1
Let h(k) = k**3 + 4*k**2 - 6*k. Let s(a) = a**3 + 4*a**2 - a - 1. Let z be s(-4). Let p be z - 4*(0 + 2). What is the units digit of h(p)?
5
Suppose -5*w = -5*o - 0*o + 160, 4*w = -8. What is the units digit of o?
0
Let p(k) = k**2 - 8. Let d(y) = -2*y - 2. Let r be d(2). What is the units digit of p(r)?
8
Let d(m) = 2*m - 3. Let j be 11/4 - 3/(-12). Let o be d(j). Suppose -2*b + 50 = o*b. What is the units digit of b?
0
What is the units digit of ((-1)/(-4))/((-8)/(-64))?
2
Let m(w) = 16*w + 6. Let y(a) = -3*a - 1. Let r = -32 - -21. Let q(u) = r*y(u) - 2*m(u). What is the units digit of q(6)?
5
Let v(m) = m - 3. Let h be v(10). Let q(k) = -k**2 + 9*k - 9. What is the units digit of q(h)?
5
Let k = 271 - 144. What is the units digit of k?
7
Suppose 2*i - 8 = -2*i. Let t = -11 + i. Let y = t + 16. What is the units digit of y?
7
Let m be (-5)/(-5)*(10 + 0). Suppose 2*l - 5*g + 10*g = -25, 0 = 4*g - 4. What is the units digit of (m/l)/((-2)/9)?
3
Suppose -2*g = v - 44, v - 4*g = -v + 104. What is the tens digit of v?
4
Let y = 250 - 113. What is the hundreds digit of y?
1
Let o(d) = -d**3 + 5*d**2 + 7*d. Let i be o(6). Let u = 12 - i. Let x = u + -4. What is the units digit of x?
2
What is the units digit of (0 - -1)*-3 + 156?
3
Let u(o) = o**3 + 8*o**2 + 6*o - 3. Let q be u(-7). Suppose j = -q*j + 40. What is the units digit of j?
8
Let l(i) = -4*i + 1. What is the tens digit of l(-6)?
2
Suppose -4*d = -5*d + 8. What is the units digit of d?
8
Suppose -3*k - u = -k - 69, 5*k - 3*u = 156. What is the units digit of k?
3
Let w(o) be the first derivative of o**4/4 + 5*o**3/3 + 3*o**2/2 - 2*o + 2. Let c be w(-4). Suppose c*d + 40 = 7*d. What is the units digit of d?
8
Let s(o) = -14*o + 27 - 16*o**2 + o**3 + 2*o**2 - 41. What is the units digit of s(15)?
1
Suppose -2*o + 7*o = 70. What is the tens digit of 290/o - 6/(-21)?
2
Let a = 233 - 69. Suppose 0 = 8*j - 4*j - a. What is the units digit of j?
1
Let g = 21 - 13. Let d(t) = -t**2 + 9*t - 5. Let p be d(g). What is the units digit of 2*p + (-4 - -3)?
5
Suppose -v = -3*f + 17, v - 5 = f + 6*v. Suppose -2*h = f - 15. Suppose -5*j + 0 + 25 = -h*b, -5*b = 3*j - 31. What is the units digit of j?
7
Let z = -9 - -6. What is the units digit of (34/z)/(12/(-18))?
7
Let t = 537 - 233. What is the tens digit of t?
0
Suppose 3*m - 26 = 5*j, -3*j = m - 0*j + 10. Suppose -v = 10 - 41. Suppose m*y = -3*p - 0 - 1, 5*y + v = 2*p. What is the units digit of p?
3
Let v(f) be the third derivative of -3*f**2 + 0*f + 0 + 1/60*f**5 - 5/24*f**4 + f**3. What is the units digit of v(6)?
2
Let t = -9 - -21. Suppose 0*g - 3*g + 29 = -2*k, 3*k + 31 = 2*g. Let j = k + t. What is the units digit of j?
5
Let u be (6/3)/(-2 + 4). Suppose 4*x = u + 19. What is the units digit of x?
5
Suppose -2*t + 19 = -v - 3, v = 5*t - 10. Let l = -19 - v. What is the units digit of l?
1
Suppose b + 82 = 2*c + 5*b, b = -1. What is the units digit of c?
3
Let x(y) = y**2 + 5*y - 9. Let i = 10 + -17. What is the units digit of x(i)?
5
Suppose 4*x = -3*w + 231, 0 = -3*w - 9 - 0. What is the units digit of x?
0
Let m be 3*1*(2 - 1). Let s = -93 - -166. Suppose -13 = m*a - s. What is the units digit of a?
0
Suppose 5*b = -1 + 26. Suppose x - b = 15. What is the units digit of x?
0
Let z(d) = d**2 + 3*d + 3. Let x be (9/(-27))/((-2)/(-30)). What is the tens digit of z(x)?
1
Suppose -11*m = -5*m - 18. Let w(b) = 2*b**2 + 2 - b**2 + 2 - 4*b. What is the units digit of w(m)?
1
Suppose -12 = 5*x - 7*x. What is the units digit of ((-32)/x)/(4/(-6))?
8
What is the units digit of (-6)/21 + (-888)/(-21)?
2
Suppose -5*r + g = -299, -2*r + 134 = -5*g + g. What is the units digit of r?
9
Let h = 190 - -113. What is the units digit of h?
3
Let l(j) = -j - 4. Let x be l(-6). Let p = 3 - x. Suppose w = 2 - p, 3*c + 4*w = 46. What is the units digit of c?
4
Suppose -3*k - 5*r - 28 = 0, -1 + 8 = -2*k - r. Let s = 5 + k. Suppose -90 = -4*d + 6*f - f, 0 = d + s*f - 12. What is the units digit of d?
0
Suppose h = -1 - 0. Let c = 13 + h. What is the tens digit of c?
1
Let f = 134 + -92. What is the tens digit of ((-24)/18)/((-4)/f)?
1
Suppose 0*o = 2*o + 8. Let j = 14 - o. Suppose j = s + 3. What is the units digit of s?
5
Let d = 0 - -4. Let j(h) = -h. Let r(o) = -o**2 + 10*o - 5. Let q(y) = 2*j(y) + r(y). What is the tens digit of q(d)?
1
Let g(b) = -2*b**2 - 32*b - 9. What is the tens digit of g(-13)?
6
Suppose -5*a + 10 + 0 = 0. Suppose -7 = -a*r - 1. Suppose -2*v - r = -3*v. What is the units digit of v?
3
Suppose 8*h - 188 = 4*h. What is the tens digit of h?
4
Let b be 2/(-6)*-3*3. Suppose b*y - 2*y = 19. What is the tens digit of y?
1
Let k be (3 - -9)*6/4. Let z = k - 10. What is the units digit of z?
8
Suppose q - 10*j = -11*j + 157, -5*q - 2*j = -776. What is the hundreds digit of q?
1
Let f = -3 - -8. Suppose -i + 27 = -f*s - 2*i, -3*i - 16 = 2*s. What is the units digit of (-9)/15 + (-28)/s?
5
Suppose -2*g = -5*g + 3. Let w be (105 - 3)/(g*2). What is the tens digit of (w/15 - 1)*5?
1
Let n = -109 - -207. What is the units digit of n?
8
Suppose 36 = 2*q - 28. What is the tens digit of q?
3
Let m be 0/((-4 + 2)/1). Suppose 5*p - 17 + 7 = m. Suppose 5*l - 2*r = 7 + 50, p*r = -3*l + 31. What is the tens digit of l?
1
Suppose 0 = 2*q + 2, -3*q = j - 12 - 6. What is the tens digit of j?
2
Let v be 2*-1*6/(-4